{"id":52,"date":"2020-03-11T14:48:47","date_gmt":"2020-03-11T14:48:47","guid":{"rendered":"http:\/\/camping-horn.de\/?page_id=52"},"modified":"2024-03-29T14:20:56","modified_gmt":"2024-03-29T14:20:56","slug":"campingplatz","status":"publish","type":"page","link":"https:\/\/camping-horn.de\/?page_id=52","title":{"rendered":"Campingplatz"},"content":{"rendered":"<div data-colibri-id=\"52-c1\" class=\"style-339 style-local-52-c1 position-relative\">\n  <!---->\n  <div data-colibri-component=\"section\" data-colibri-id=\"52-c2\" id=\"overlappable-3\" class=\"h-section h-section-global-spacing d-flex align-items-lg-center align-items-md-center align-items-center style-530 style-local-52-c2 position-relative\">\n    <!---->\n    <!---->\n    <div class=\"h-section-grid-container h-section-boxed-container\">\n      <!---->\n      <div data-colibri-id=\"52-c3\" class=\"h-row-container gutters-row-lg-0 gutters-row-md-0 gutters-row-0 gutters-row-v-lg-0 gutters-row-v-md-0 gutters-row-v-0 style-531 style-local-52-c3 position-relative\">\n        <!---->\n        <div class=\"h-row justify-content-lg-center justify-content-md-center justify-content-center align-items-lg-stretch align-items-md-stretch align-items-stretch gutters-col-lg-0 gutters-col-md-0 gutters-col-0 gutters-col-v-lg-0 gutters-col-v-md-0 gutters-col-v-0\">\n          <!---->\n          <div class=\"h-column h-column-container d-flex h-col-lg-auto h-col-md-auto h-col-auto style-532-outer style-local-52-c4-outer\">\n            <div data-colibri-id=\"52-c4\" class=\"d-flex h-flex-basis h-column__inner h-ui-empty-state-container h-px-lg-0 h-px-md-0 h-px-0 v-inner-lg-0 v-inner-md-0 v-inner-0 style-532 style-local-52-c4 position-relative\">\n              <!---->\n              <!---->\n              <div class=\"w-100 h-y-container h-column__content h-column__v-align flex-basis-100\">\n                <!---->\n              <\/div>\n            <\/div>\n          <\/div>\n          <div class=\"h-column h-column-container d-flex h-col-lg-auto h-col-md-auto h-col-auto style-533-outer style-local-52-c5-outer\">\n            <div data-colibri-id=\"52-c5\" class=\"d-flex h-flex-basis h-column__inner h-px-lg-2 h-px-md-2 h-px-2 v-inner-lg-2 v-inner-md-2 v-inner-2 style-533 style-local-52-c5 position-relative\">\n              <!---->\n              <!---->\n              <div class=\"w-100 h-y-container h-column__content h-column__v-align flex-basis-100 align-self-lg-center align-self-md-center align-self-center\">\n                <!---->\n                <div data-colibri-id=\"52-c6\" class=\"h-global-transition-all h-heading style-534 style-local-52-c6 position-relative h-element\">\n                  <!---->\n                  <div class=\"h-heading__outer style-534 style-local-52-c6\">\n                    <!---->\n                    <!---->\n                    <h4 class=\"\">Herzlich willkommen<\/h4>\n                  <\/div>\n                <\/div>\n                <div data-colibri-id=\"52-c7\" class=\"h-text h-text-component style-535 style-local-52-c7 position-relative h-element\">\n                  <!---->\n                  <!---->\n                  <div class=\"\">\n                    <p><span style=\"color: rgb(70, 112, 127); font-family: &quot;Open Sans&quot;; font-size: 16px;\">Bei uns finden Sie fernab des Alltags ein idyllisches Zuhause auf Zeit. Hier genie\u00dfen Sie ihre pers\u00f6nliche Auszeit, lassen die Seele baumeln und urlauben in freundschaftlicher Atmosph\u00e4re. <\/span><\/p>\n                    <p><span style=\"color: rgb(70, 112, 127); font-family: &quot;Open Sans&quot;; font-size: 16px;\">Unsere kreisf\u00f6rmig angeordneten Standpl\u00e4tze bieten Freiraum f\u00fcr entspannte Momente und viel Platz f\u00fcr Freizeitaktivit\u00e4ten.&nbsp;<\/span><\/p>\n                  <\/div>\n                <\/div>\n              <\/div>\n            <\/div>\n          <\/div>\n          <div class=\"h-column h-column-container d-flex h-col-lg-auto h-col-md-auto h-col-auto style-533-outer style-local-52-c8-outer\">\n            <div data-colibri-id=\"52-c8\" class=\"d-flex h-flex-basis h-column__inner h-px-lg-2 h-px-md-2 h-px-2 v-inner-lg-2 v-inner-md-2 v-inner-2 style-533 style-local-52-c8 position-relative\">\n              <!---->\n              <!---->\n              <div class=\"w-100 h-y-container h-column__content h-column__v-align flex-basis-100 align-self-lg-center align-self-md-center align-self-center\">\n                <!---->\n                <div data-colibri-id=\"52-c9\" class=\"h-global-transition-all h-heading style-534 style-local-52-c9 position-relative h-element\">\n                  <!---->\n                  <div class=\"h-heading__outer style-534 style-local-52-c9\">\n                    <!---->\n                    <!---->\n                    <h4 class=\"\">Gut umsorgt<\/h4>\n                  <\/div>\n                <\/div>\n                <div data-colibri-id=\"52-c10\" class=\"h-text h-text-component style-535 style-local-52-c10 position-relative h-element\">\n                  <!---->\n                  <!---->\n                  <div class=\"\">\n                    <p><span style=\"color: rgb(70, 112, 127); font-family: Open Sans; font-size: 16px;\">Damit es ihnen w\u00e4hrend ihres Aufenthaltes an nichts fehlt, bietet die B\u00e4ckerei und das Caf\u00e8 t\u00e4glich frische Backspezialit\u00e4ten sowie kleine Dinge des t\u00e4glichen Bedarfs. <br>Ansonsten verw\u00f6hnt sie das K\u00fcchenteam  der Seeterrasse bei herrlichem Blick auf den glitzernden See.&nbsp;<\/span><\/p>\n                  <\/div>\n                <\/div>\n              <\/div>\n            <\/div>\n          <\/div>\n          <div class=\"h-column h-column-container d-flex h-col-lg-auto h-col-md-auto h-col-auto style-538-outer style-local-52-c11-outer\">\n            <div data-colibri-id=\"52-c11\" class=\"d-flex h-flex-basis h-column__inner h-ui-empty-state-container h-px-lg-0 h-px-md-0 h-px-0 v-inner-lg-0 v-inner-md-0 v-inner-0 style-538 style-local-52-c11 position-relative\">\n              <!---->\n              <!---->\n              <div class=\"w-100 h-y-container h-column__content h-column__v-align flex-basis-100\">\n                <!---->\n              <\/div>\n            <\/div>\n          <\/div>\n        <\/div>\n      <\/div>\n    <\/div>\n  <\/div>\n  <div data-colibri-component=\"section\" data-colibri-id=\"52-c12\" id=\"overlappable-2\" class=\"h-section h-section-global-spacing d-flex align-items-lg-center align-items-md-center align-items-center style-520 style-local-52-c12 position-relative\">\n    <!---->\n    <!---->\n    <div class=\"h-section-grid-container h-section-boxed-container\">\n      <!---->\n      <div data-colibri-id=\"52-c13\" class=\"h-row-container gutters-row-lg-0 gutters-row-md-0 gutters-row-0 gutters-row-v-lg-0 gutters-row-v-md-0 gutters-row-v-0 style-521 style-local-52-c13 position-relative\">\n        <!---->\n        <div class=\"h-row justify-content-lg-center justify-content-md-center justify-content-center align-items-lg-stretch align-items-md-stretch align-items-stretch gutters-col-lg-0 gutters-col-md-0 gutters-col-0 gutters-col-v-lg-0 gutters-col-v-md-0 gutters-col-v-0\">\n          <!---->\n          <div class=\"h-column h-column-container d-flex h-col-lg-auto h-col-md-auto h-col-auto style-522-outer style-local-52-c14-outer\">\n            <div data-colibri-id=\"52-c14\" class=\"d-flex h-flex-basis h-column__inner h-ui-empty-state-container h-px-lg-0 h-px-md-0 h-px-0 v-inner-lg-0 v-inner-md-0 v-inner-0 style-522 style-local-52-c14 position-relative\">\n              <!---->\n              <!---->\n              <div class=\"w-100 h-y-container h-column__content h-column__v-align flex-basis-100\">\n                <!---->\n              <\/div>\n            <\/div>\n          <\/div>\n          <div class=\"h-column h-column-container d-flex h-col-lg-auto h-col-md-auto h-col-auto style-523-outer style-local-52-c15-outer\">\n            <div data-colibri-id=\"52-c15\" class=\"d-flex h-flex-basis h-column__inner h-px-lg-2 h-px-md-2 h-px-2 v-inner-lg-2 v-inner-md-2 v-inner-2 style-523 style-local-52-c15 position-relative\">\n              <!---->\n              <!---->\n              <div class=\"w-100 h-y-container h-column__content h-column__v-align flex-basis-100 align-self-lg-center align-self-md-center align-self-center\">\n                <!---->\n                <div data-colibri-id=\"52-c16\" class=\"h-global-transition-all h-heading style-524 style-local-52-c16 position-relative h-element\">\n                  <!---->\n                  <div class=\"h-heading__outer style-524 style-local-52-c16\">\n                    <!---->\n                    <!---->\n                    <h4 class=\"\">Freizeiterlebnisse<\/h4>\n                  <\/div>\n                <\/div>\n                <div data-colibri-id=\"52-c17\" class=\"h-text h-text-component style-525 style-local-52-c17 position-relative h-element\">\n                  <!---->\n                  <!---->\n                  <div class=\"\">\n                    <p>In der Sommerferien sorgen wir mit einem abwechslungsreichen Animationsprogramm f\u00fcr unvergessliche Ferien und auch in unserem Strandbad und auf den Spielpl\u00e4tzen ist jede Menge Spa\u00df garantiert. Die Umgebung l\u00e4dt zu gemeinsamer Zeit\n                      im Freien ein. Gerne leihen wir ihnen f\u00fcr ihre Touren Fahrr\u00e4der und E-Bikes aus, mit denen Sie die Region bequem erkunden.&nbsp;<\/p>\n                    <p>\n                      <br>\n                    <\/p>\n                  <\/div>\n                <\/div>\n              <\/div>\n            <\/div>\n          <\/div>\n          <div class=\"h-column h-column-container d-flex h-col-lg-auto h-col-md-auto h-col-auto style-523-outer style-local-52-c18-outer\">\n            <div data-colibri-id=\"52-c18\" class=\"d-flex h-flex-basis h-column__inner h-px-lg-2 h-px-md-2 h-px-2 v-inner-lg-2 v-inner-md-2 v-inner-2 style-523 style-local-52-c18 position-relative\">\n              <!---->\n              <!---->\n              <div class=\"w-100 h-y-container h-column__content h-column__v-align flex-basis-100 align-self-lg-center align-self-md-center align-self-center\">\n                <!---->\n                <div data-colibri-id=\"52-c19\" class=\"h-global-transition-all h-heading style-524 style-local-52-c19 position-relative h-element\">\n                  <!---->\n                  <div class=\"h-heading__outer style-524 style-local-52-c19\">\n                    <!---->\n                    <!---->\n                    <h4 class=\"\">Campingplatz<\/h4>\n                  <\/div>\n                <\/div>\n                <div data-colibri-id=\"52-c20\" class=\"h-text h-text-component style-525 style-local-52-c20 position-relative h-element\">\n                  <!---->\n                  <!---->\n                  <div class=\"\">\n                    <p>Unser Campingplatz liegt von der Sonne beg\u00fcnstigt auf einem zum See abfallenden S\u00fcdhang. Wir verf\u00fcgen \u00fcber 255 Standpl\u00e4tze sowie mehrere Zeltbereiche und drei Sanit\u00e4rgeb\u00e4ude, ein Behindertenbad und zwei Privatb\u00e4der.&nbsp;Der Campingplatz\n                      ist autofrei (dies gilt nicht f\u00fcr Reisemobile). Ihr Auto kann kostenfrei vor dem Campingplatz geparkt werden.\n                      <br>Wir verf\u00fcgen \u00fcber Stellplatzbereiche speziell f\u00fcr Reisende mit Hund. Am Strand und Liegewiesen sind Hunde nicht erlaubt.\n                      <br>\n                    <\/p>\n                    <p>Alle Informationen rund um den Campingplatz finden Sie hier:<\/p>\n                  <\/div>\n                <\/div>\n                <div data-colibri-id=\"52-c21\" class=\"h-x-container style-526 style-local-52-c21 position-relative h-element\">\n                  <!---->\n                  <div class=\"h-x-container-inner style-dynamic-52-c21-group style-526-spacing style-local-52-c21-spacing\"><span class=\"h-button__outer style-527-outer style-local-52-c22-outer d-inline-flex h-element\"><a h-use-smooth-scroll=\"true\" href=\"https:\/\/camping-horn.de\/?page_id=1678\" target=\"_blank\" data-colibri-id=\"52-c22\" class=\"d-flex w-100 align-items-center h-button justify-content-lg-center justify-content-md-center justify-content-center style-527 style-local-52-c22 position-relative\" rel=\"noopener\"><!----><!----> <span>Wissenswertes von  A-Z<\/span><\/a>\n                    <\/span>\n                  <\/div>\n                <\/div>\n              <\/div>\n            <\/div>\n          <\/div>\n          <div class=\"h-column h-column-container d-flex h-col-lg-auto h-col-md-auto h-col-auto style-528-outer style-local-52-c23-outer\">\n            <div data-colibri-id=\"52-c23\" class=\"d-flex h-flex-basis h-column__inner h-ui-empty-state-container h-px-lg-0 h-px-md-0 h-px-0 v-inner-lg-0 v-inner-md-0 v-inner-0 style-528 style-local-52-c23 position-relative\">\n              <!---->\n              <!---->\n              <div class=\"w-100 h-y-container h-column__content h-column__v-align flex-basis-100\">\n                <!---->\n              <\/div>\n            <\/div>\n          <\/div>\n        <\/div>\n      <\/div>\n    <\/div>\n  <\/div>\n  <div data-colibri-component=\"section\" data-colibri-id=\"52-c24\" id=\"overlappable\" class=\"h-section h-section-global-spacing d-flex align-items-lg-center align-items-md-center align-items-center style-901 style-local-52-c24 position-relative\">\n    <!---->\n    <!---->\n    <div class=\"h-section-grid-container h-section-boxed-container\">\n      <!---->\n      <div data-colibri-id=\"52-c25\" class=\"h-row-container gutters-row-lg-0 gutters-row-md-0 gutters-row-0 gutters-row-v-lg-0 gutters-row-v-md-0 gutters-row-v-0 style-902 style-local-52-c25 position-relative\">\n        <!---->\n        <div class=\"h-row justify-content-lg-center justify-content-md-center justify-content-center align-items-lg-stretch align-items-md-stretch align-items-stretch gutters-col-lg-0 gutters-col-md-0 gutters-col-0 gutters-col-v-lg-0 gutters-col-v-md-0 gutters-col-v-0\">\n          <!---->\n          <div class=\"h-column h-column-container d-flex h-col-lg-auto h-col-md-auto h-col-auto style-903-outer style-local-52-c26-outer\">\n            <div data-colibri-id=\"52-c26\" class=\"d-flex h-flex-basis h-column__inner h-ui-empty-state-container h-px-lg-0 h-px-md-0 h-px-0 v-inner-lg-0 v-inner-md-0 v-inner-0 style-903 style-local-52-c26 position-relative\">\n              <!---->\n              <!---->\n              <div class=\"w-100 h-y-container h-column__content h-column__v-align flex-basis-100\">\n                <!---->\n              <\/div>\n            <\/div>\n          <\/div>\n          <div class=\"h-column h-column-container d-flex h-col-lg-auto h-col-md-auto h-col-auto style-904-outer style-local-52-c27-outer\">\n            <div data-colibri-id=\"52-c27\" class=\"d-flex h-flex-basis h-column__inner h-px-lg-2 h-px-md-2 h-px-2 v-inner-lg-2 v-inner-md-2 v-inner-2 style-904 style-local-52-c27 position-relative\">\n              <!---->\n              <!---->\n              <div class=\"w-100 h-y-container h-column__content h-column__v-align flex-basis-100 align-self-lg-center align-self-md-center align-self-center\">\n                <!---->\n                <div data-colibri-id=\"52-c28\" class=\"h-global-transition-all h-heading style-905 style-local-52-c28 position-relative h-element\">\n                  <!---->\n                  <div class=\"h-heading__outer style-905 style-local-52-c28\">\n                    <!---->\n                    <!---->\n                    <h4 class=\"\">Region Bodensee <\/h4>\n                  <\/div>\n                <\/div>\n                <div data-colibri-id=\"52-c29\" class=\"h-text h-text-component style-906 style-local-52-c29 position-relative h-element\">\n                  <!---->\n                  <!---->\n                  <div class=\"\">\n                    <p>Das glitzernde Wasser des Bodensees mit den Bergen im Hintergrund ruft ultimatives Urlaubsfeeling hervor. Sonnenanbeter sind in der Ferienregion ebenso richtig wie Aktivurlauber, die ihre freie Zeit gerne f\u00fcr sportliche Aktivit\u00e4ten\n                      nutzen.<\/p>\n                    <p>Der Bodensee Radweg f\u00fchrt direkt vom Campingplatz entlang des Seeufers mit wundersch\u00f6nen Ausblicken auf das Wasser, die gegen\u00fcberliegende Schweiz oder die Insel Reichenau. Und weitere herrliche Radtouren laden zum Erkunden der Halbinsel\n                      H\u00f6ri ein.<\/p>\n                  <\/div>\n                <\/div>\n                <div data-colibri-id=\"52-c30\" class=\"h-x-container style-907 style-local-52-c30 position-relative h-element\">\n                  <!---->\n                  <div class=\"h-x-container-inner style-dynamic-52-c30-group style-907-spacing style-local-52-c30-spacing\"><span class=\"h-button__outer style-908-outer style-local-52-c31-outer d-inline-flex h-element\"><a h-use-smooth-scroll=\"true\" href=\"https:\/\/www.gaienhofen.de\/de\/tourismus\/aktiv-erleben\/radfahren\"  data-colibri-id=\"52-c31\" class=\"d-flex w-100 align-items-center h-button justify-content-lg-center justify-content-md-center justify-content-center style-908 style-local-52-c31 position-relative\"><!----><!----> <span>RADTOUREN H\u00d6RI<\/span><\/a>\n                    <\/span>\n                  <\/div>\n                <\/div>\n              <\/div>\n            <\/div>\n          <\/div>\n        <\/div>\n      <\/div>\n    <\/div>\n  <\/div>\n<\/div>","protected":false},"excerpt":{"rendered":"<p>Herzlich willkommen Bei uns finden Sie fernab des Alltags ein idyllisches Zuhause auf Zeit. Hier genie\u00dfen Sie ihre pers\u00f6nliche Auszeit, lassen die Seele baumeln und urlauben in freundschaftlicher Atmosph\u00e4re. Unsere kreisf\u00f6rmig angeordneten Standpl\u00e4tze bieten Freiraum f\u00fcr entspannte Momente und viel Platz f\u00fcr Freizeitaktivit\u00e4ten.&nbsp; Gut umsorgt Damit es ihnen w\u00e4hrend ihres Aufenthaltes an nichts fehlt, bietet [&hellip;]<\/p>\n","protected":false},"author":1,"featured_media":0,"parent":0,"menu_order":0,"comment_status":"closed","ping_status":"closed","template":"page-templates\/full-width-page.php","meta":{"footnotes":""},"class_list":["post-52","page","type-page","status-publish","hentry"],"_links":{"self":[{"href":"https:\/\/camping-horn.de\/index.php?rest_route=\/wp\/v2\/pages\/52","targetHints":{"allow":["GET"]}}],"collection":[{"href":"https:\/\/camping-horn.de\/index.php?rest_route=\/wp\/v2\/pages"}],"about":[{"href":"https:\/\/camping-horn.de\/index.php?rest_route=\/wp\/v2\/types\/page"}],"author":[{"embeddable":true,"href":"https:\/\/camping-horn.de\/index.php?rest_route=\/wp\/v2\/users\/1"}],"replies":[{"embeddable":true,"href":"https:\/\/camping-horn.de\/index.php?rest_route=%2Fwp%2Fv2%2Fcomments&post=52"}],"version-history":[{"count":20,"href":"https:\/\/camping-horn.de\/index.php?rest_route=\/wp\/v2\/pages\/52\/revisions"}],"predecessor-version":[{"id":4954,"href":"https:\/\/camping-horn.de\/index.php?rest_route=\/wp\/v2\/pages\/52\/revisions\/4954"}],"wp:attachment":[{"href":"https:\/\/camping-horn.de\/index.php?rest_route=%2Fwp%2Fv2%2Fmedia&parent=52"}],"curies":[{"name":"wp","href":"https:\/\/api.w.org\/{rel}","templated":true}]}}